53 and 69?
23
What is the highest common divisor of 2176 and 1984?
64
What is the greatest common divisor of 19 and 1237?
1
Calculate the greatest common divisor of 1038690 and 30.
30
Calculate the greatest common factor of 80456 and 73336.
712
Calculate the highest common divisor of 1766625 and 630.
105
What is the highest common divisor of 84636 and 72?
36
Calculate the highest common factor of 6325 and 319.
11
Calculate the highest common factor of 1904 and 3248.
112
What is the highest common factor of 112538 and 4?
2
Calculate the highest common divisor of 3430 and 21910.
70
What is the greatest common factor of 369975 and 75?
75
Calculate the highest common factor of 148 and 15281.
37
Calculate the greatest common factor of 85 and 156740.
85
What is the greatest common factor of 20 and 265580?
20
What is the greatest common divisor of 515 and 50?
5
Calculate the highest common factor of 101362 and 354.
118
What is the highest common factor of 144 and 148698?
18
What is the highest common factor of 3202800 and 340?
340
What is the highest common divisor of 12460 and 1420?
20
What is the highest common factor of 234 and 9737?
13
Calculate the greatest common factor of 39024 and 117.
9
Calculate the greatest common factor of 38340 and 11610.
270
What is the greatest common factor of 152 and 21850?
38
Calculate the greatest common factor of 507 and 1208688.
507
Calculate the highest common factor of 1700 and 2635.
85
What is the highest common factor of 11373 and 13157?
223
What is the highest common factor of 90 and 20990?
10
What is the greatest common factor of 4858 and 91?
7
What is the greatest common factor of 4 and 11243?
1
What is the greatest common divisor of 13609 and 62?
31
Calculate the greatest common factor of 77 and 100793.
77
What is the greatest common factor of 11889 and 8613?
9
What is the highest common divisor of 103176 and 360?
72
What is the greatest common divisor of 1501 and 475?
19
Calculate the highest common factor of 4544 and 65216.
64
Calculate the greatest common divisor of 94 and 52123.
47
What is the greatest common divisor of 72 and 4761?
9
Calculate the greatest common divisor of 315 and 11949.
21
Calculate the greatest common factor of 1635 and 225.
15
What is the highest common divisor of 768 and 246272?
256
Calculate the greatest common factor of 69696 and 1344.
192
What is the highest common factor of 31080 and 120?
120
What is the greatest common factor of 1632 and 235314?
102
Calculate the highest common factor of 875 and 945.
35
Calculate the highest common factor of 28 and 81970.
14
What is the highest common divisor of 278 and 319978?
278
What is the highest common divisor of 399 and 161?
7
What is the highest common divisor of 123574 and 125081?
1507
What is the greatest common divisor of 14511 and 714?
21
What is the highest common factor of 285331 and 145?
29
What is the highest common divisor of 68943 and 402?
201
Calculate the greatest common divisor of 26904 and 232.
8
What is the greatest common divisor of 9750 and 1482?
78
Calculate the highest common divisor of 2070 and 2990.
230
What is the highest common divisor of 200 and 302200?
200
What is the greatest common factor of 6 and 248?
2
What is the greatest common factor of 503196 and 228?
228
What is the highest common divisor of 735 and 65121?
147
Calculate the highest common factor of 2332 and 26356.
44
What is the highest common divisor of 930 and 65235?
15
What is the greatest common factor of 341 and 3707?
11
Calculate the highest common factor of 143819 and 437.
23
Calculate the highest common divisor of 23183 and 2231.
97
Calculate the greatest common divisor of 6533 and 73253.
139
What is the greatest common divisor of 1197 and 42693?
399
Calculate the highest common factor of 110 and 215930.
110
Calculate the greatest common factor of 52570 and 70.
70
What is the highest common divisor of 129543 and 1392?
87
What is the highest common divisor of 37519 and 17?
17
What is the highest common divisor of 1093658 and 964?
482
What is the greatest common divisor of 7950 and 600?
150
Calculate the greatest common divisor of 439479 and 82.
41
Calculate the highest common divisor of 30429 and 7452.
621
Calculate the greatest common factor of 493361 and 22.
11
What is the greatest common divisor of 494 and 8268?
26
What is the highest common factor of 22490 and 195?
65
Calculate the greatest common factor of 185 and 2245.
5
What is the highest common divisor of 24 and 191408?
8
Calculate the greatest common divisor of 104864 and 72.
8
Calculate the highest common divisor of 368 and 403696.
368
Calculate the highest common factor of 160 and 1940.
20
What is the greatest common factor of 26 and 802178?
26
Calculate the highest common factor of 804 and 9014448.
804
What is the highest common factor of 22 and 767833?
11
Calculate the highest common factor of 575 and 13200.
25
What is the greatest common factor of 400 and 28480?
80
What is the highest common divisor of 5468356 and 1972?
1972
Calculate the greatest common factor of 164232 and 576.
72
What is the greatest common factor of 211749 and 9?
3
What is the highest common factor of 32 and 96488?
8
Calculate the greatest common divisor of 616 and 53284.
308
What is the highest common divisor of 22066 and 68?
34
Calculate the highest common factor of 268 and 142174.
134
Calculate the greatest common factor of 345744 and 11592.
504
What is the highest common factor of 563 and 481928?
563
What is the greatest common divisor of 7222 and 4082?
314
Calculate the greatest common factor of 4 and 1556.
4
Calculate the highest common divisor of 5678 and 8016.
334
Calculate the highest common divisor of 4491 and 189121.
499
What is the highest common divisor of 1611 and 3042?
9
What is the highest common factor of 140899 and 44?
11
What is the highest common factor of 9828 and 787696?
364
Calculate the highest common divisor of 15219 and 58473.
801
What is the greatest common divisor of 500 and 128120?
20
Calculate the greatest common factor of 359629 and 783.
29
What is the highest common divisor of 8 and 11332?
4
What is the greatest common factor of 277729 and 867?
289
What is the highest common divisor of 209 and 671?
11
Calculate the highest common factor of 38656 and 110834.
302
What is the greatest common factor of 30600 and 34935?
255
Calculate the highest common factor of 57 and 146148.
57
Calculate the highest common divisor of 80433 and 24825.
993
Calculate the highest common divisor of 20 and 6595.
5
Calculate the greatest common factor of 3528 and 1071.
63
Calculate the highest common factor of 149689 and 8.
1
Calculate the highest common divisor of 26 and 223574.
26
Calculate the greatest common divisor of 20 and 24300.
20
What is the highest common factor of 2407 and 290?
29
Calculate the highest common divisor of 492 and 1866156.
492
Calculate the highest common divisor of 26051 and 3824.
239
What is the greatest common divisor of 19089 and 1990710?
2727
What is the greatest common divisor of 169847 and 206?
103
Calculate the highest common factor of 2259 and 563997.
753
Calculate the highest common divisor of 147 and 185073.
147
Calculate the greatest common divisor of 51 and 16337.
17
Calculate the highest common divisor of 11737 and 2619.
97
Calculate the greatest common divisor of 336 and 48496.
112
Calculate the greatest common factor of 8811 and 288.
9
What is the highest common divisor of 24751 and 5565?
53
What is the greatest common factor of 1760 and 29392?
176
What is the highest common factor of 96 and 664368?
48
What is the greatest common factor of 25538 and 22487?
113
What is the highest common factor of 11150 and 16056?
446
Calculate the highest common factor of 13262 and 646.
38
Calculate the greatest common divisor of 63116 and 248.
124
Calculate the highest common factor of 50 and 3524075.
25
What is the greatest common factor of 20 and 33755?
5
Calculate the greatest common divisor of 154491 and 46.
23
Calculate the highest common divisor of 2469 and 15637.
823
What is the greatest common factor of 32 and 23?
1
Calculate the greatest common factor of 388 and 835655.
97
Calculate the greatest common divisor of 216 and 1328616.
216
Calculate the greatest common